s n(3)?
-999
Let r(p) = 4*p**2 - 130*p + 29. Give r(32).
-35
Let f(q) = -36*q - 254. Give f(-13).
214
Let k(d) = d**2 - 38*d + 114. What is k(39)?
153
Let t(u) = -16*u - 33. Calculate t(11).
-209
Let h(v) = v**3 - 16*v**2 - 114*v + 1934. Give h(15).
-1
Let o(n) = n**3 + 27*n**2 - 89*n + 45. Determine o(-30).
15
Let o(g) = g**2 + 7*g - 1176. Determine o(-38).
2
Let d(n) = -7*n**2 - 72*n + 486. Give d(6).
-198
Let v(s) = -s**3 + 419*s**2 - 1258*s + 4. Calculate v(3).
-26
Let y(i) = -i**3 + 9*i**2 + 18*i - 203. What is y(9)?
-41
Let f(w) = -859*w - 1714. Determine f(-2).
4
Let g(s) = -5*s**3 - s**2 + 3*s + 4. What is g(-2)?
34
Let y(b) = -76*b + 832. What is y(11)?
-4
Let r(k) = -16*k - 1001. Determine r(-62).
-9
Let h(o) = -o**2 - 20*o + 643. Give h(15).
118
Let s(m) = -5*m**2 - 70*m + 169. What is s(-17)?
-86
Let i(k) = 5*k**2 + 549*k + 2980. Calculate i(-104).
-36
Let k(n) = -176*n + 743. Determine k(4).
39
Let o(b) = 15*b**3 - 2*b**2 + 6*b + 3. What is o(-2)?
-137
Let r(w) = -29*w + 738. Give r(31).
-161
Let p(q) = -q**2 + 29*q + 76. Determine p(29).
76
Let d(q) = 135*q - 12014. Calculate d(90).
136
Let h(m) = 8*m**2 + 32*m - 2831. Give h(17).
25
Let t(v) = v**2 - 34*v - 30. Calculate t(23).
-283
Let t(z) = -9*z**3 - 27*z**2 + 3*z - 2. Determine t(-3).
-11
Let c(y) = -3*y**2 + y + 95. What is c(-11)?
-279
Let y(j) = -65*j - 368. Calculate y(-6).
22
Let u(t) = 28*t**2 - 567*t + 61. Give u(20).
-79
Let w(t) = -32*t - 278. Give w(-8).
-22
Let h(g) = 27*g + 11. Calculate h(0).
11
Let i(a) = -27*a**2 + 431*a + 7. Give i(16).
-9
Let i(a) = 5*a**2 + 19*a - 89. Give i(-6).
-23
Let b(a) = 2990*a - 14942. Give b(5).
8
Let o(b) = b**3 + 8*b**2 - 42*b - 234. What is o(-10)?
-14
Let d(l) = 7*l + 417. What is d(-60)?
-3
Let j(m) = 18*m - 1128. Determine j(56).
-120
Let j(h) = h**2 - 4*h - 47. What is j(0)?
-47
Let i(o) = 16*o - 444. Calculate i(25).
-44
Let r(i) = 4*i**2 - 9*i - 21. Give r(3).
-12
Let j(g) = -g**3 - 11*g**2 - 72*g - 292. What is j(-8)?
92
Let k(z) = z**3 - 13*z**2 + 31*z + 79. What is k(9)?
34
Let w(y) = -y**3 + 31*y**2 - 55*y - 50. Determine w(29).
37
Let w(j) = 4*j**2 - 750*j - 4236. Determine w(193).
10
Let f(n) = -3*n**2 - 405*n - 1182. What is f(-132)?
6
Let t(m) = 498*m - 1833. Calculate t(4).
159
Let i(r) = 252*r + 828. Determine i(-3).
72
Let o(b) = 33*b - 1422. Give o(35).
-267
Let d(c) = -2*c**2 + 42*c + 385. Give d(-7).
-7
Let u(r) = r**3 + 107*r**2 + 605*r + 12. Determine u(-6).
18
Let y(h) = 27*h - 2447. Give y(94).
91
Let l(k) = -k**3 - 10*k**2 + 26*k - 12. What is l(-13)?
157
Let w(c) = -c**2 + 87*c - 1841. Calculate w(49).
21
Let x(m) = 2*m**2 + 73*m + 376. Give x(-6).
10
Let b(l) = 84*l**2 + l - 6. Determine b(-2).
328
Let o(b) = -18*b - 43. Calculate o(-18).
281
Let v(o) = 56*o - 1131. Calculate v(20).
-11
Let q(b) = 109*b**2 - 2*b + 1. What is q(1)?
108
Let p(a) = 3977*a + 75572. Determine p(-19).
9
Let v(h) = -68*h + 36. What is v(4)?
-236
Let y(s) = 5*s**3 + 65*s**2 - 16*s - 208. Determine y(-13).
0
Let l(f) = -f**3 + 33*f**2 - 205*f + 102. Give l(25).
-23
Let z(t) = -t**3 + 2*t**2 + 1017*t + 193. Calculate z(33).
-5
Let d(i) = -125*i + 592. What is d(6)?
-158
Let z(b) = -2*b**2 + 10191*b - 61078. Determine z(6).
-4
Let t(h) = -776*h - 3100. Determine t(-4).
4
Let p(z) = 625*z + 220. What is p(0)?
220
Let j(o) = o**2 - 20*o - 238. Determine j(27).
-49
Let f(w) = -12*w**2 - 12*w - 11. Calculate f(-1).
-11
Let z(k) = 3*k**3 - 5*k**2 - 66*k + 202. Determine z(5).
122
Let n(y) = 6*y**2 + 118*y - 28. Give n(-20).
12
Let h(o) = -513*o - 4095. Calculate h(-8).
9
Let b(z) = z**3 + 11*z**2 + 16*z - 42. Give b(-7).
42
Let o(s) = 55*s + 34. What is o(3)?
199
Let b(s) = -s**2 - 66*s - 849. Determine b(-42).
159
Let x(t) = -18*t**2 + 862*t + 94. Determine x(48).
-2
Let t(r) = r**3 - 95*r**2 - 200*r + 595. Determine t(97).
13
Let w(j) = 442*j + 61437. Determine w(-139).
-1
Let l(b) = 405*b**2 - 6*b + 7. Give l(1).
406
Let c(f) = -99*f + 38. What is c(1)?
-61
Let m(u) = -92*u**3 + u**2 + 12*u - 12. Give m(1).
-91
Let w(i) = -35*i**2 + 11*i - 6. What is w(-4)?
-610
Let r(y) = y**3 - 20*y**2 - 22*y + 11. What is r(21)?
-10
Let v(d) = 5*d**2 + 371*d + 5943. Give v(-51).
27
Let c(m) = m**3 + 26*m**2 + 33*m + 214. Determine c(-25).
14
Let a(c) = c**3 + 11*c**2 - 25*c + 7. Calculate a(-13).
-6
Let z(x) = -x**2 + 19*x + 82. Give z(9).
172
Let k(f) = -f**2 - 2*f + 142. Give k(11).
-1
Let n(t) = 85*t + 355. Determine n(-4).
15
Let m(n) = -3*n**3 - 22*n**2 - 14*n - 157. What is m(-9)?
374
Let b(o) = -o**3 - 13*o**2 + 122*o - 49. Calculate b(-20).
311
Let n(s) = -s**3 - 25*s**2 - 22*s - 16. What is n(-25)?
534
Let g(x) = -6*x**2 + 399*x - 165. Give g(66).
33
Let a(s) = 2*s**2 - 24*s - 14. What is a(13)?
12
Let l(u) = 1217*u + 2437. What is l(-2)?
3
Let j(p) = 146*p - 2434. Give j(17).
48
Let g(x) = -x**3 + x**2 + 5*x + 9. Give g(8).
-399
Let r(l) = -185*l - 4798. Calculate r(-26).
12
Let h(b) = -137*b - 7240. Calculate h(-55).
295
Let n(r) = r**3 + 15*r**2 - 35*r - 6. What is n(-10)?
844
Let p(l) = 5*l**2 - 2379*l - 14451. Calculate p(-6).
3
Let k(g) = -749*g - 6728. Calculate k(-9).
13
Let o(x) = -11*x**2 - 1162*x - 1877. What is o(-104)?
-5
Let r(s) = -s**3 - 21*s**2 - 47*s + 14. Determine r(-19).
185
Let p(v) = v**3 - v - 39. Calculate p(0).
-39
Let c(n) = -3*n**2 - 34*n + 11. Calculate c(-12).
-13
Let b(c) = 2*c**2 - 8*c + 12. What is b(2)?
4
Let r(j) = 341*j - 12886. Determine r(38).
72
Let g(f) = -34*f - 1325. Determine g(-39).
1
Let s(z) = -6391*z - 25556. Give s(-4).
8
Let n(c) = -14*c**2 + 190*c + 67. Determine n(14).
-17
Let y(j) = -9*j**2 + 53*j - 3. Give y(4).
65
Let r(k) = -125*k + 2487. Give r(20).
-13
Let j(u) = -4*u**2 + 4*u + 85. Determine j(5).
5
Let f(y) = -y**3 + 23*y**2 - 64*y - 2. Give f(19).
226
Let b(a) = 65*a**3 + a**2 - 8*a + 17. Give b(2).
525
Let x(i) = 23*i**2 + 23*i + 102. What is x(-4)?
378
Let y(j) = 4*j + 118. What is y(-42)?
-50
Let c(m) = -7*m**3 + 122*m**2 - 53*m + 72. Determine c(17).
38
Let d(a) = -117*a - 18. Determine d(1).
-135
Let a(i) = -129*i - 33. Determine a(-1).
96
Let n(a) = -2*a**3 + 15*a**2 - 2*a - 18. Give n(7).
17
Let f(h) = -574*h + 3435. What is f(6)?
-9
Let h(q) = q**2 + 60*q - 4268. What is h(42)?
16
Let s(c) = -c**3 + 40*c**2 + 37*c - 3. Calculate s(-1).
1
Let y(w) = -77*w**3 - 1. Give y(1).
-78
Let b(s) = s - 27. What is b(6)?
-21
Let o(z) = 44*z - 1045. Calculate o(27).
143
Let o(l) = -l**3 + 15*l**2 - 36*l + 49. Calculate o(12).
49
Let h(l) = -30*l - 93. Calculate h(11).
-423
Let d(p) = 3*p**2 + 126*p - 2780. What is d(-58)?
4
Let t(u) = 1680*u + 6676. What is t(-4)?
-44
Let p(g) = -2*g**3 + 487*g**2 - 744*g + 4359. What is p(242)?
3
Let h(w) = -153*w**2 - 1677*w + 12. Calculate h(-11).
-54
Let x(s) = s**3 - 10*s**2 + s + 13. Determine x(0).
13
Let w(i) = 390*i + 7424. Determine w(-19).
14
Let p(m) = -5*m**3 - 53*m**2 - 165*m - 5. Calculate p(-3).
148
Let b(z) = -20*z + 2054. Calculate b(94).
174
Let f(d) = 3*d**2 + 13*d + 4. Determine f(2).
42
Let k(c) = -c + 37. Determine k(-35).
72
Let m(k) = k**3 - 29*k**2 + 217*k - 46. Give m(12).
110
Let x(r) = -2*r**2 + 34*r + 274. What is x(23)?
-2
Let l(j) = -368*j + 81. Determine l(1).
-287
Let d(p) = -p**3 + 10*p**2 - 34*p + 14. Give d(5).
-31
Let s(z) = 5*z**2 - 469*z + 2316. Calculate s(5).
96
Let g(r) = -r**3 + 45*r**2 + 151*r - 250. Determine g(48).
86
Let m(a) = a**2 - 455*a + 3182. Determine m(7).
46
Let r(h) = 2*h**2 - 193*h + 186. Calculate r(96).
90
Let m(g) = -5*g + 309. Give m(44).
89
Let f(h) = 221*h - 23. What is f(-1)?
-244
Let z(v) = 16*v**3 + v**2 - 4*v + 2. Determine z(1).
15
Let o(d) = 362*d + 2217. Give o(-6).
45
Let h(q) = -5*q - 138. Calculate h(-27).
-3
Let j(v) = v**3 + 6*v**2 + 5*v + 69. Give j(-7).
-15
Let x(i) = 2*i**2 + 50*i + 166. Determine x(-21).
-2
Let r(p) = -2*p**2 - 243*p + 465. What is r(2)?
-29
Let l(b) = -57*b + 55. Calculate l(2).
-59
Let h(c) = 13*c**2 - 551*c + 62. Calculate h(41).
-676
Let c(u) = u**3 + 18*u**2 + 2*u + 17. Calculate c(-18).
-19
Let p(t) = 2*t**2 + 147*t + 360. Determine p(-71).
5
Let s(j) = -26*j**2 - 210*j - 2. Calculate s(-8).
14
Let d(k) = 13*k**2 + 6*k + 1. Give d(-3).
100
Let z(i) = -i**2 + 719*i - 44848. Calculate z(69).
2
Let c(i) = 17*i - 60. Determine c(4).
8
Let m(d) = 